is the value of -8 + (-12 - 1) + 32?
11
What is the value of -2 - -22 - (10 + 2 + 0 + -8)?
16
Calculate -6 + 5 - 4 - (-5 - 0) - -4.
4
Evaluate 29 - 6 - 28 - (-6 + -24).
25
Evaluate -26 + -18 + 18 - -8.
-18
What is -10 + 1 + -29 + 26 + 1?
-11
Evaluate -13 - (-9 + (10 - -3) - 6).
-11
Calculate 22 - -2 - (434 + -421).
11
-8193 - -8210 - (1 - 0 - -34)
-18
What is -18 + (7 + 0 - (60 + -54))?
-17
What is the value of -18 - ((1 - -5) + -8 - 39)?
23
Calculate -12 - (-15 - (3 - -8)).
14
What is -1 + 16 - (362 + -339)?
-8
What is the value of 8 + 3 + 4 + (-17 - 2)?
-4
Evaluate -15 + 6 + 20 + 2.
13
What is (19 - -2) + (-21 - -3) - (0 + 1)?
2
What is the value of 12 - (7 + 14 + -15 + 5)?
1
What is 23 - ((1 + 15 - 5) + -4)?
16
What is -2 - -16 - (7 - 12 - 6)?
25
What is the value of (-46 - -71) + (1 - 52)?
-26
Evaluate -495 + 497 + (-1 - -2 - -15).
18
Calculate (1 - 0) + (-6 + -7 - -27).
15
Calculate 17 - (35 - (-14 + 33)).
1
(-141 - -105) + (-1 - -29)
-8
Evaluate -15 - (-1 + -20 + -9).
15
Evaluate -74 - -76 - (-1 - 2 - 2).
7
1 + 8 + 118 + -104 - 6
17
What is (-4 - 1 - (184 - 179)) + 6 + -1?
-5
What is the value of 0 - 6 - (3 + 8 + (6 - 13))?
-10
What is (-14 - (1 - 4 - 4)) + 13 + 2?
8
Evaluate 2 + -1 + 2 - ((19 - -9) + -18).
-7
Evaluate 9 + -6 + 7 + -13 + 18.
15
What is (1 - -2) + -75 + 64?
-8
What is the value of -29 - -5 - -7 - -11?
-6
What is the value of (2 - -31) + -36 - 22?
-25
-5 + 1 - (1 + (-2 + 0 - -6))
-9
16 - (6 + (6 + 6 - 3 - 24))
25
What is the value of 12 + 4 + (-10 - -2 - 1)?
7
What is the value of -26 - (23 + -8 + -32)?
-9
Calculate 98 - 68 - (-7 + 38).
-1
Calculate -9 - -9 - -10 - (3 - -8).
-1
What is 15 - 4 - (-17 + 15 - 3)?
16
-2 + -4 + 33 + -19 + -1 + -10
-3
What is -3 + -12 - 2 - ((-2 - 9) + 8)?
-14
What is the value of 50 - (14 - -4 - -11)?
21
(0 - 2 - (8 - -1)) + (5 - 1)
-7
Evaluate 11 - (45 + -50 + 5 + -3 + 9).
5
What is (-7 - -9) + -1 + 28 + -35?
-6
-81 + 53 + 12 + 52 + 0
36
Calculate 152 + -145 - (2 + (2 - -4)) - 11.
-12
Evaluate -1 + 3 - (-2 + (-14 - -29)).
-11
Evaluate 8 + (0 - (-1 + -2)) + (-23 - 19).
-31
What is 23 - (7 - (17 + -14 - -12))?
31
What is the value of -4 - (0 + 2 + 2) - (-10 - 1)?
3
Evaluate 8 - (-2 - -16) - -9.
3
Evaluate -8 + 6 + 11 - 24.
-15
Calculate (11 - 10) + (2 - 6 - (5 - -2)).
-10
3 + -35 - (-273 + 234)
7
What is the value of 9 + -24 + -48 + 27?
-36
What is the value of 42 + -20 + -25 - -3?
0
(-4 - -4) + (5 - 0 - 9)
-4
What is the value of 4 + 23 + (-13 - -23 - 20)?
17
Evaluate -1 + (-17 - ((-7 - -3) + -4)).
-10
(16 - 7) + 2 + -6
5
What is the value of (6 - (8 - 4)) + -6 + 2 - 37?
-39
Calculate -29 - -20 - (1 + -5) - -6.
1
What is the value of -4 + (0 + 10 - (13 - 16))?
9
Evaluate -7 + 11 + (-4 - -5) + 4 + -9.
0
What is the value of 15 + -59 + 24 + 51?
31
6 + -15 + 7 + -17
-19
1 + ((5 - (2 - -6)) + -7 - -6)
-3
12 + 2 + -5 + -12
-3
Evaluate -1 - (-4 + -6 + -5).
14
What is -1 - (-16 + (6 - 3)) - (-249 - -257)?
4
(15 - (2 + 1)) + (-10 - -1) + 7
10
Evaluate -5 + (0 - (-6 + -1)) + -16.
-14
What is -30 - (-26 - 1) - (-1 + 5) - 25?
-32
Calculate 1 + 0 + -14 + (-328 - -341).
0
What is (-8 - 19) + 30 - (16 + 1 + -1)?
-13
Evaluate -20 + (2 - -13) + 3 + -1.
-3
What is 2 - 2 - (26 - 30)?
4
What is (-3 - 2) + (22 - 15) + 3?
5
What is 0 + 7 - 10 - (-18 - (1 - -4))?
20
Calculate (202 - 218) + -1 + 2.
-15
What is (-1 + 2 - (-14 + (19 - 6))) + -4?
-2
Calculate 0 - (7 + -11 + 0 + 4).
0
What is the value of -10 - (-11 + (-3 - -12) + 1)?
-9
What is the value of (-2 + -35 - -10) + 12?
-15
What is the value of -22 + 3 + 1 - -10?
-8
What is 22 + 17 + (-12 - 1)?
26
What is -1 + 19 + (18 - 2 - (57 + -51))?
28
Calculate 1 + 0 - (-5 + (-13 - -13)) - 6.
0
What is 26 + 5 + 18 + -22?
27
Evaluate 11 + 256 + -259 + 1 + 13.
22
1 + -9 + (1 - -23 - (-381 + 375))
22
What is the value of (20 - 2) + (35 - 48 - -29)?
34
What is the value of -8 - (4 + 1 - (52 + -53))?
-14
What is -5 + (104 - 97) + (2 - (10 + -2))?
-4
-2 + (12 + -6 - 10) + 16
10
What is (-31 - -20) + (-23 - -10 - -7)?
-17
Calculate (11 - 0) + (-40 - -72) + -62.
-19
Calculate 7 - (2 - 14 - (-89 - -78)).
8
-45 + (57 - 29 - 13)
-30
Calculate -6 + 2 + (-2 + 5 - (-11 + -2)).
12
Calculate (-4 - 1) + (-10 - 4) + 26.
7
What is the value of 1806 + -1802 + (1 - -1)?
6
What is 13 - -6 - (12 + 2)?
5
Calculate 2 + (-8 + 11 - -11 - 42).
-26
Evaluate -1 + (8 - -6) - (-11 - -11).
13
(1 - 19) + 301 + -285
-2
Calculate 24 + -38 - (-5 - (-7 + 4 + 2)).
-10
Calculate -4 + (14 - -1) + 21 + -12 + -2.
18
What is the value of -1 - -2 - 15 - (281 - 288)?
-7
-4 + -3 - (-9 - (-7 - 4))
-9
Calculate (0 - -2) + (8 - -11 - 11).
10
Calculate 36 - (29 + -29 + 19).
17
Calculate 34 - (4 + -18 + 32).
16
Calculate 2 + 3 - (-13 + 9 + -1 + -5).
15
What is (1 - 5) + (4 - (21 + -10 + -21))?
10
Evaluate -36 - (11 - (-3 - 1) - 32).
-19
Evaluate -6 - (2 - (9 + 7)).
8
-26 - (1 + -18 + 16 + -4)
-21
What is -12 - -6 - -8 - (10 + -35)?
27
What is -20 + (-5 + 13 - -35)?
23
Calculate (12 - (60 + 1)) + 25.
-24
Calculate 3 - 1 - 10 - (-25 + (-5 - -5)).
17
What is (8 - (19 - 23)) + -2?
10
Calculate (-8 - -3 - -9) + 3.
7
Evaluate 10 - (-10 + (1 - 3) + 24).
-2
Calculate -34 + (-14 + 25 - 20 - (-1 - 20)).
-22
(338 - 322) + (6 - (0 + 0)) + -5
17
What is the value of 2 - 4 - 9 - (-4 + -28)?
21
Calculate (41 - 0 - 0) + (186 + -224 - -27).
30
Evaluate 40 - 13 - (33 - 18).
12
-16 - 1 - (13 - (0 + 1 + 6))
-23
Calculate -23 + 21 + (-15 - -8).
-9
What is the value of (4 - 12) + 4 + -1 - 0 - -1?
-4
What is -10 - -6 - (-20 + -2)?
18
-28 - (-6 + 22 + -23 - (-5 + -2))
-28
Calculate 0 + 5 + -15 - -22.
12
What is (9 - (-2 + 16)) + 5?
0
What is the value of (11 - 1) + (5 - 4) + -10 + 9?
10
(5 - 2) + 10 + 19 + -44
-12
Evaluate (-5 - 0) + 29 + (-42 - -15) - 2.
-5
Calculate (9 - (6 + 1 + -3)) + (-64 - -92).
33
2 - 0 - 11 - -8
-1
Evaluate -25 + 11 + 7 + 0 + 14.
7
What is 17 + 10 + -31 + -1?
-5
Calculate -51 - (3 + (-13 - (-11 + 11))).
-41
What is -509 - -507 - (2 + (-2 - 17))?
15
Calculate 3 + 4 + (-2 - -1 - (0 + -3)).
9
Evaluate 4 + -21 - (-8 + (-14 - -26)).
-21
(-5 - -3 - -4) + -3 - (6 - 4)
-3
Calculate -12 - -2 - (-59 + 43) - -3.
9
Calculate 12 - 2 - (-30 - -39).
1
Evaluate 2 - 11 - (-5 - (-5 + (5 - 9))).
-13
What is the value of (2 + 4 - (-18 + 65)) + 8 + 10?
-23
Calculate 16 + (-22 + 3 - 11) + 13.
-1
-10 + -3 + (13 - 7) + -7
-14
Calculate -7 - (-6 + (-9 - -1) - -8).
-1
-265 + 271 + 1 + -18
-11
Evaluate 8 + (10 - 3) + 22 + -22.
15
Evaluate (-1 - (1 - (-4 + -2) - 13)) + 8.
13
What is (-42 - -7) + 69 + -16?
18
3 + (21 - 24) + 4
4
(-33 - (-60 + -21)) + -35
13
What is the value of -3 - (-4 + -2 + 6 + 4)?
-7
What is the value of 4 + 15 + -12 + 2?
9
What is the value of (-11 - -10) + 1 + -5 + (-8 - -13)?
0
(3 - -15 - (3 + 3)) + 2 + 0
14
Evaluate -1 + (-8 + 13 - -1).
5
What is (-23 - (-11 - -5)) + 16?
-1
Evaluate 3 - (-6 + -16 + 20).
5
What is 12 - -1 - (-1 + -4 + (-4 - -10))?
12
What is (27 - 1 - 41) + (16 - 4)?
-3
What is the value of 25 + (-432 - -420 - (-1 + 0 + -1))?
15
Calculate -17 - -13 - (-6 - (-4 - -2 - -3)).
3
Calculate -13 + 14 + 29 + -50.
-20
Calculate 2 - ((7 - 21) + 5 + 3 + 0).
8
What is (34 - 23) + -6 + 5?
10
(4 - (6 - 2)) + (5 - -2)
7
Evaluate (-1 - 2) + (0 - 9 - (99 - 102)).
-9
Evaluate 341 + -321 - (-2 - 1).
23
Calculate -28 + (5 - 4) + 18.
-9
Evaluate -2 + -2 + (-7 - -23 - 9) - -13.
16
Evaluate 1 - (-6 - (-16 - -1)).
-8
Evaluate 3 + -3 - -2 - -12.
14
Calculate 2 - -8 - (14 - 12) - -2 - 12.
-2
What is the value of (-1 - -4 - 7) + 2 + 4?
2
Calculate -11 + (8 - (-17 - -7)).
7
-2 + -2 + 4 - (17 + -9)
-8
(4 - 19) + (6 - (-3 - 2))
-4
Calculate -4 + 0 + 6 + 12 + -21.
-7
Evaluate 0 - ((3 - -2) + (-16 - 6) + 7).
10
What is -11 - (12 + -10 + 1) - -1?
-13
13 + (-3 - (-13 - -11))
12
Evaluate -4 - ((19 - -2 - 8) + -10).
-7
Calculate -2 - 1 - ((13 + 3 - 16) + 4).
-7
Calculate 9 + (7 - 7) - 14.
-5
What is -20 + (-35 - -28 - -3)?
-24
What is the value of -17 + 0 - (-44 + 30)?
-3
Calculate 4 + (-31 - -34 - (-4 - 0)) + -35.
-24
Calculate -5 - (-4 + 3 + -3) - -19 - 6.
12
16 + (-3 - (4 + -4 + -4))
17
-3 - (2 - (10 - 3))
2
What is 4 + -1 + (-16 + 7 - (2 - 5))?
-3
Calculate 298 + -274 + -25 + 0.
-1
Calculate -4 + -4 - -33 - 13.
12
What is (-1 - 33 - -23) + -14?
-25
Evaluate -6 - 0 - (5 - 13) - (-16 + 9).
9
Calculate -22 + 8 + 12 + (-1 - (-2 + 5)).
-6
(